= 508 + k. Calculate the highest common factor of 10 and n.
5
Let x = -5729 + 5788. Calculate the highest common factor of x and 12390.
59
Let a be 3 + ((-22)/(-18) - (-40)/(-180)). Suppose 48*x - a = 47*x. Calculate the greatest common divisor of x and 6.
2
Suppose -2*x = o + 8, -40 = 3*o - x - 2. Let w = 393 - 231. Let g be ((-8)/o)/(4/w). What is the greatest common divisor of 3 and g?
3
Let u(f) = 6*f + 28. Let h be u(-4). Suppose -29*l + 26*l - 4*t + 108 = 0, 5*t = h*l - 175. Calculate the highest common divisor of l and 40.
40
Let l = -77 - -77. Suppose l = -2*x + 4*b + 24, 2*b = 5*x - b - 39. Let j = x - -10. What is the highest common divisor of 24 and j?
8
Let x be (-2)/(-2) + 0/1. Let l = 26423 + -26400. What is the highest common factor of x and l?
1
Let x = 183 + -183. Let k(p) = p**3 - p + 36. Let w be k(x). What is the highest common factor of 96 and w?
12
Let r(f) = 286*f**3 + f**2 - f. Let o be r(1). Suppose -4*x - 22 = -z, 30 = z + 6*x - 2*x. Calculate the greatest common divisor of z and o.
26
Let u(w) = 145*w**2 - 467*w + 16. Let k be u(11). What is the greatest common factor of 8 and k?
8
Let d be ((-14)/(-77))/(72/(-66)) - (-20415)/18. What is the highest common factor of d and 7?
7
Let i(p) = -p**3 - 7*p**2 - 14*p - 8. Suppose 31*v - 24 = 35*v. Let u be i(v). Let n = u - 30. Calculate the greatest common divisor of n and 250.
10
Suppose 0 = 1463*n - 1486*n + 506. Calculate the greatest common factor of 561 and n.
11
Let u(t) = t**3 - 24*t**2 - 20*t + 48. Let c be u(25). Suppose -c = -3*a + 799. Calculate the greatest common divisor of a and 36.
36
Let h be (17 - 0)*(-1 + (-1 - -3)). Let f = h + -45. Let q = f + 30. Calculate the greatest common factor of q and 6.
2
Suppose 81*f = 119*f - 37050. What is the highest common divisor of 78 and f?
39
Let p(o) = -3*o + 0*o + o - 6. Let b be p(-4). Suppose 7*i = -x - 62, 18*i + 12 = 17*i. What is the highest common divisor of b and x?
2
Let j(u) = -4*u + 130. Let v = 210 + -192. Let f be j(v). Calculate the greatest common factor of f and 261.
29
Let u be (-13)/(-78) - ((-759)/18)/11. Suppose k + 3*r = -0*k + 11, 4*k = -r + 11. What is the greatest common divisor of u and k?
2
Let l be -18*4/18*(-1 + 0). What is the highest common factor of 158 and l?
2
Suppose -110*w - 715 = -13*w - 2073. What is the highest common divisor of w and 7441?
7
Let f(l) = -132*l - 29187 + 29187. Let x be f(-3). Calculate the highest common factor of x and 36.
36
Suppose -s - 10 = -4*d, 3*s - 5*s = 3*d - 13. Suppose -4*r = s*c - 1018, 2*r - c + 1277 = 7*r. Calculate the highest common factor of r and 16.
16
Let o be (-220)/88*(-144)/1. Calculate the greatest common divisor of o and 495.
45
Let z = -8172 + 8914. Calculate the highest common divisor of 848 and z.
106
Suppose 23*f + 55*f = 49*f + 4408. What is the highest common factor of 10222 and f?
38
Let d be (-45)/5 - (-146 - -18). Calculate the highest common factor of 153 and d.
17
Let u be ((-1)/(-2) + -1)*(177 + -195). Calculate the highest common divisor of 307 and u.
1
Let y be 35 - 1 - (1 - 3). Suppose 36*t = 42*t - 288. What is the greatest common factor of y and t?
12
Let b(w) = -2 - 4 + 151*w - 76*w - 69*w. Suppose -4*l - v + 0*v = -11, -2*v + 8 = l. Let k be b(l). Calculate the highest common divisor of k and 66.
6
Let m = -27581 + 27623. Calculate the highest common factor of 280 and m.
14
Let m = 56 - 50. Suppose m*j + 330 = 2*j + 2*q, 4*j - q = -335. Let a = -59 - j. Calculate the greatest common divisor of 52 and a.
26
Let w = -1936 + 4970. What is the greatest common factor of w and 222?
74
Let g = 51 + -39. Suppose 0*c = 5*c - 545. Suppose -4*j + c + 275 = 0. What is the highest common factor of g and j?
12
Let y(b) = -b**2 - 16*b - 1. Let t be y(-16). Let k = t + 13. Calculate the greatest common divisor of 6 and k.
6
Suppose -2*g + 6*g + 108 = 0. Let s be (12/(-5))/((-6)/(-60)). Let x = s - g. What is the highest common factor of 1 and x?
1
Suppose -5*i = 2 - 27. Let f be (-994)/(-5) + i/25. Suppose -3*y - 6 = 0, 5*v = 5*y + f + 111. Calculate the highest common factor of v and 12.
12
Let o = 874 + -799. Let h(m) = 898*m + 2. Let i be h(1). What is the greatest common divisor of o and i?
75
Let y = 12632 - 12626. Suppose 5*x = -t + 11, -2*x + 0*x + 20 = 3*t. What is the greatest common divisor of t and y?
6
Let u(x) = 61*x**3 - 5*x**2 - 2*x - 2. Let v be u(6). Suppose 44*b + 1278 = v. Calculate the greatest common factor of 19 and b.
19
Let v be (24/(-612)*-17)/(10/375). Calculate the greatest common divisor of 17600 and v.
25
Let t be (-10 - -10 - 2)/(4/38)*-2. Calculate the highest common factor of 86 and t.
2
Let c = 0 + 1. Let o = -44754 + 44771. What is the highest common divisor of c and o?
1
Suppose 4*d - 6*a + 21 = -3*a, 2*d - 5*a = -21. Let m be (-36)/(4 - (3 - d)). Calculate the highest common factor of m and 558.
18
Let h = -620 - -633. What is the greatest common factor of h and 3497?
13
Let r be (-10525)/(-30) + (-1)/(-6). Let b = r - 197. What is the highest common factor of 14 and b?
14
Let u(q) = q**3 - 2*q**2 - 5*q + 3. Let j be u(4). Let n(c) = -c**3 - 29*c**2 + 24*c + 15. Let a be n(-30). What is the greatest common factor of a and j?
15
Let z = 1444 - 1410. Let g = -28 + 85. Let f = g + 215. Calculate the greatest common factor of z and f.
34
Suppose 4*q - 5*d = 12 + 23, -d = q - 11. Suppose -q*b + 1015 = -5*b. Calculate the highest common factor of b and 29.
29
Let h = -5076 + 5107. Calculate the highest common divisor of 3379 and h.
31
Let z = -2067 - -2238. Calculate the greatest common factor of z and 1596.
57
Let o(d) = -29*d + 4. Let p be o(-4). Suppose -11*l + 139 = n, -460*n - 5*l + 165 = -457*n. What is the highest common divisor of p and n?
40
Let l(i) be the first derivative of 5*i**2/2 - 53*i + 49. Let s be l(25). Calculate the greatest common factor of 120 and s.
24
Suppose -17*g = -0*g + 34. Let x = g - -29. Calculate the highest common divisor of 621 and x.
27
Suppose -4*u - 30 = -f, -641*f + 643*f = u + 32. Calculate the highest common divisor of f and 1561.
7
Let a be 36/5*(-140)/(-56). Let w = 182 - -374. Suppose -4*s = -4*c - w, 2 = 5*c - 23. Calculate the highest common factor of s and a.
18
Let r be ((-4824)/2144)/(2/(-272)). Let o be 16/56 + 250/7. What is the greatest common divisor of r and o?
18
Suppose 0*g + 3*g + 911 = 4*d, -g = -5*d + 1125. Suppose -14*q + d = -10*q. What is the highest common divisor of 8 and q?
8
Let f = -332 + 467. Let s be 3/(-6) - ((-1810)/20 - 18). Calculate the highest common divisor of f and s.
27
Let h = -73 + -94. Let p = -123 - h. Calculate the highest common factor of p and 4.
4
Suppose 4*h - 45048 = -h - 2*g, -5*h = 4*g - 45056. What is the greatest common factor of h and 16?
16
Let v be -7 + -4 + 1701/7 + 2. Let f(m) = -3*m - 6. Let h be f(-8). Calculate the highest common divisor of v and h.
18
Suppose 5*h - 2825 = -46*k + 41*k, -2*h + 1144 = -5*k. Calculate the highest common factor of 27 and h.
27
Suppose 101 = 12*i + 29. Suppose -7*u + i*u = -12. What is the greatest common factor of 8 and u?
4
Let d = 226 + -220. Let t = 69 - 55. What is the greatest common divisor of t and d?
2
Let z be (-2)/4 - 2/(4/3). Let c be (12 - 10)*(-5)/z. What is the greatest common divisor of 55 and c?
5
Suppose 93*n - 916510 + 262350 = 8*n. What is the greatest common divisor of n and 624?
208
Suppose -v = -5*o - 56, 2*v + 4*o = 14 + 168. Let y = -3 + 12. Calculate the highest common factor of v and y.
9
Let j(a) = -8*a**3 - 5*a**2 - 111*a - 392. Let g be j(-4). Calculate the greatest common divisor of 8 and g.
4
Let m = -104 + 186. Suppose -m*k + 77*k + 10 = 0. Suppose 4*h = k*x + 19 + 71, -4*h = 4*x - 72. What is the highest common factor of 49 and h?
7
Let b = -444 - -752. Let m(g) = g**3 - 21*g**2 + 42*g - 4. Let c be m(2). What is the highest common factor of c and b?
4
Let n be (-2)/(-7) - 8550/133. Let a(t) = -t**2 + 5*t + 6. Let l be a(8). Let r be n/(-48)*(l/(-4))/3. Calculate the highest common factor of 5 and r.
1
Let b(p) = 57*p + 234. Let x be b(-4). What is the greatest common divisor of 64 and x?
2
Let a = 1069 - 929. Let t be 1599/26 - 6/4. Calculate the highest common factor of a and t.
20
Let l(g) = 4*g - 23. Let h be l(7). Suppose -4*u - 5*n - 17